{"id":2,"date":"2023-09-20T17:30:41","date_gmt":"2023-09-20T15:30:41","guid":{"rendered":"https:\/\/colegiosantaclaudiamelipilla.com\/?page_id=2"},"modified":"2025-11-07T14:36:19","modified_gmt":"2025-11-07T13:36:19","slug":"documentacion-2","status":"publish","type":"page","link":"https:\/\/colegiosantaclaudiamelipilla.com\/index.php\/documentacion-2\/","title":{"rendered":""},"content":{"rendered":"\n<figure class=\"wp-block-image aligncenter size-full\"><img loading=\"lazy\" decoding=\"async\" width=\"498\" height=\"373\" src=\"https:\/\/colegiosantaclaudiamelipilla.com\/wp-content\/uploads\/2023\/09\/tenor.gif\" alt=\"\" class=\"wp-image-45\"\/><\/figure>\n\n\n\n<div class=\"wp-block-columns is-layout-flex wp-container-core-columns-is-layout-1 wp-block-columns-is-layout-flex\">\n<div class=\"wp-block-column is-layout-flow wp-block-column-is-layout-flow\">\n<h6 class=\"wp-block-heading has-text-align-center\"><strong>Reglamento Interno<\/strong><\/h6>\n\n\n\n<figure class=\"wp-block-image size-full\"><img loading=\"lazy\" decoding=\"async\" width=\"600\" height=\"340\" src=\"https:\/\/colegiosantaclaudiamelipilla.com\/wp-content\/uploads\/2023\/09\/wip-bouncing-arrow-animation-1.gif\" alt=\"\" class=\"wp-image-48\"\/><\/figure>\n<\/div>\n\n\n\n<div class=\"wp-block-column is-layout-flow wp-block-column-is-layout-flow\">\n<h6 class=\"wp-block-heading has-text-align-center\"><strong>Protocolo de contencion emocional de estudiantes<\/strong><\/h6>\n\n\n\n<figure class=\"wp-block-image size-full\"><img loading=\"lazy\" decoding=\"async\" width=\"600\" height=\"340\" src=\"https:\/\/colegiosantaclaudiamelipilla.com\/wp-content\/uploads\/2023\/09\/wip-bouncing-arrow-animation-1.gif\" alt=\"\" class=\"wp-image-48\"\/><\/figure>\n<\/div>\n\n\n\n<div class=\"wp-block-column is-layout-flow wp-block-column-is-layout-flow\">\n<h6 class=\"wp-block-heading has-text-align-center\"><strong>cuenta publica<\/strong><\/h6>\n\n\n\n<figure class=\"wp-block-image size-full\"><img loading=\"lazy\" decoding=\"async\" width=\"600\" height=\"340\" src=\"https:\/\/colegiosantaclaudiamelipilla.com\/wp-content\/uploads\/2023\/09\/wip-bouncing-arrow-animation-1.gif\" alt=\"\" class=\"wp-image-48\"\/><\/figure>\n<\/div>\n<\/div>\n\n\n\n<div class=\"wp-block-columns are-vertically-aligned-center is-layout-flex wp-container-core-columns-is-layout-2 wp-block-columns-is-layout-flex\">\n<div class=\"wp-block-column is-vertically-aligned-center is-layout-flow wp-block-column-is-layout-flow\">\n<div class=\"wp-block-buttons is-content-justification-center is-layout-flex wp-container-core-buttons-is-layout-1 wp-block-buttons-is-layout-flex\">\n<div class=\"wp-block-button\"><a class=\"wp-block-button__link has-text-align-center wp-element-button\" href=\"https:\/\/colegiosantaclaudiamelipilla.com\/wp-content\/uploads\/2025\/05\/REGLAMENTO-INTERNO-2024-2025-Ley-Tea.pdf\" target=\"_blank\" rel=\"noreferrer noopener\">Haz Clic Aqu\u00ed<\/a><\/div>\n<\/div>\n<\/div>\n\n\n\n<div class=\"wp-block-column is-vertically-aligned-center is-layout-flow wp-block-column-is-layout-flow\">\n<div class=\"wp-block-buttons is-content-justification-center is-layout-flex wp-container-core-buttons-is-layout-2 wp-block-buttons-is-layout-flex\">\n<div class=\"wp-block-button\"><a class=\"wp-block-button__link has-text-align-center wp-element-button\" href=\"https:\/\/colegiosantaclaudiamelipilla.com\/wp-content\/uploads\/2025\/03\/Protocolo-de-contencion-emocional-de-estudiantes-Rev-1-1.pdf\" target=\"_blank\" rel=\"noreferrer noopener\">Haz Clic Aqu\u00ed<\/a><\/div>\n<\/div>\n<\/div>\n\n\n\n<div class=\"wp-block-column is-vertically-aligned-center is-layout-flow wp-block-column-is-layout-flow\">\n<div class=\"wp-block-buttons is-content-justification-center is-layout-flex wp-container-core-buttons-is-layout-3 wp-block-buttons-is-layout-flex\">\n<div class=\"wp-block-button\"><a class=\"wp-block-button__link wp-element-button\" href=\"https:\/\/colegiosantaclaudiamelipilla.com\/wp-content\/uploads\/2025\/03\/Cuenta-Publica-2025-ed.pdf\" target=\"_blank\" rel=\"noreferrer noopener\">Haz Clic Aqu\u00ed<\/a><\/div>\n<\/div>\n<\/div>\n<\/div>\n\n\n\n<div class=\"wp-block-group alignfull is-layout-constrained wp-block-group-is-layout-constrained\">\n<div class=\"wp-block-columns is-layout-flex wp-container-core-columns-is-layout-3 wp-block-columns-is-layout-flex\">\n<div class=\"wp-block-column is-layout-flow wp-block-column-is-layout-flow\">\n<h6 class=\"wp-block-heading has-text-align-center\"><strong>reglamento evaluacion<\/strong><\/h6>\n\n\n\n<figure class=\"wp-block-image size-full\"><img loading=\"lazy\" decoding=\"async\" width=\"600\" height=\"340\" src=\"https:\/\/colegiosantaclaudiamelipilla.com\/wp-content\/uploads\/2023\/09\/wip-bouncing-arrow-animation-1.gif\" alt=\"\" class=\"wp-image-48\"\/><\/figure>\n\n\n\n<div class=\"wp-block-buttons is-content-justification-center is-layout-flex wp-container-core-buttons-is-layout-4 wp-block-buttons-is-layout-flex\">\n<div class=\"wp-block-button\"><a class=\"wp-block-button__link wp-element-button\" href=\"https:\/\/colegiosantaclaudiamelipilla.com\/wp-content\/uploads\/2025\/03\/reglamento-evaluacion-santa-claudia-2025-.pdf\" target=\"_blank\" rel=\"noreferrer noopener\">Haz Clic Aqu\u00ed<\/a><\/div>\n<\/div>\n<\/div>\n\n\n\n<div class=\"wp-block-column is-layout-flow wp-block-column-is-layout-flow\">\n<h6 class=\"wp-block-heading has-text-align-center\"><strong>reglamento apoderados<\/strong><\/h6>\n\n\n\n<figure class=\"wp-block-image size-full\"><img loading=\"lazy\" decoding=\"async\" width=\"600\" height=\"340\" src=\"https:\/\/colegiosantaclaudiamelipilla.com\/wp-content\/uploads\/2023\/09\/wip-bouncing-arrow-animation-1.gif\" alt=\"\" class=\"wp-image-48\"\/><\/figure>\n\n\n\n<div class=\"wp-block-buttons is-content-justification-center is-layout-flex wp-container-core-buttons-is-layout-5 wp-block-buttons-is-layout-flex\">\n<div class=\"wp-block-button\"><a class=\"wp-block-button__link wp-element-button\" href=\"https:\/\/colegiosantaclaudiamelipilla.com\/wp-content\/uploads\/2025\/03\/reglamento-apoderados.pdf\" target=\"_blank\" rel=\"noreferrer noopener\">Haz Clic Aqu\u00ed<\/a><\/div>\n<\/div>\n<\/div>\n\n\n\n<div class=\"wp-block-column is-layout-flow wp-block-column-is-layout-flow\">\n<h6 class=\"wp-block-heading has-text-align-center\"><strong>PROYECTO EDUCATIVO INSTITUCIONAL<\/strong><\/h6>\n\n\n\n<figure class=\"wp-block-image size-full\"><img loading=\"lazy\" decoding=\"async\" width=\"600\" height=\"340\" src=\"https:\/\/colegiosantaclaudiamelipilla.com\/wp-content\/uploads\/2023\/09\/wip-bouncing-arrow-animation-1.gif\" alt=\"\" class=\"wp-image-48\"\/><\/figure>\n\n\n\n<div class=\"wp-block-buttons is-content-justification-center is-layout-flex wp-container-core-buttons-is-layout-6 wp-block-buttons-is-layout-flex\">\n<div class=\"wp-block-button\"><a class=\"wp-block-button__link wp-element-button\" href=\"https:\/\/colegiosantaclaudiamelipilla.com\/wp-content\/uploads\/2025\/03\/PEI-2025.pdf\" target=\"_blank\" rel=\"noreferrer noopener\">Haz Clic Aqu\u00ed<\/a><\/div>\n<\/div>\n<\/div>\n<\/div>\n<\/div>\n\n\n\n<div class=\"wp-block-group alignfull is-layout-constrained wp-block-group-is-layout-constrained\">\n<div class=\"wp-block-columns is-layout-flex wp-container-core-columns-is-layout-4 wp-block-columns-is-layout-flex\">\n<div class=\"wp-block-column is-layout-flow wp-block-column-is-layout-flow\">\n<h6 class=\"wp-block-heading has-text-align-center\"><strong>PLAN INTEGRAL DE SEGURIDAD ESCOLAR CSC 2024<\/strong><\/h6>\n\n\n\n<figure class=\"wp-block-image aligncenter size-full is-resized\"><img loading=\"lazy\" decoding=\"async\" width=\"600\" height=\"340\" src=\"https:\/\/colegiosantaclaudiamelipilla.com\/wp-content\/uploads\/2023\/09\/wip-bouncing-arrow-animation-1.gif\" alt=\"\" class=\"wp-image-48\" style=\"width:157px;height:auto\"\/><\/figure>\n\n\n\n<div class=\"wp-block-buttons is-content-justification-center is-layout-flex wp-container-core-buttons-is-layout-7 wp-block-buttons-is-layout-flex\">\n<div class=\"wp-block-button\"><a class=\"wp-block-button__link wp-element-button\" href=\"https:\/\/colegiosantaclaudiamelipilla.com\/wp-content\/uploads\/2025\/07\/PISE-SANTA-CLAUDIA-2024-2025-nuevo.pdf\" target=\"_blank\" rel=\"noreferrer noopener\">Haz Clic Aqu\u00ed<\/a><\/div>\n<\/div>\n<\/div>\n\n\n\n<div class=\"wp-block-column is-layout-flow wp-block-column-is-layout-flow\">\n<h6 class=\"wp-block-heading has-text-align-center\"><strong>PLAN DE FORMACION CIUDADANA<\/strong><\/h6>\n\n\n\n<figure class=\"wp-block-image size-full\"><img loading=\"lazy\" decoding=\"async\" width=\"600\" height=\"340\" src=\"https:\/\/colegiosantaclaudiamelipilla.com\/wp-content\/uploads\/2023\/09\/wip-bouncing-arrow-animation-1.gif\" alt=\"\" class=\"wp-image-48\"\/><\/figure>\n\n\n\n<div class=\"wp-block-group is-layout-constrained wp-block-group-is-layout-constrained\">\n<div class=\"wp-block-buttons is-content-justification-center is-layout-flex wp-container-core-buttons-is-layout-8 wp-block-buttons-is-layout-flex\">\n<div class=\"wp-block-button\"><a class=\"wp-block-button__link wp-element-button\" href=\"https:\/\/colegiosantaclaudiamelipilla.com\/wp-content\/uploads\/2025\/04\/PLAN-DE-FORMACION-CIUDADANA-1-1.pdf\" target=\"_blank\" rel=\"noreferrer noopener\">Haz Clic Aqu\u00ed<\/a><\/div>\n<\/div>\n<\/div>\n<\/div>\n\n\n\n<div class=\"wp-block-column is-layout-flow wp-block-column-is-layout-flow\">\n<h6 class=\"wp-block-heading has-text-align-center\"><strong>Plan de gesti\u00f3n convivencia 2023<\/strong><\/h6>\n\n\n\n<figure class=\"wp-block-image size-full\"><img loading=\"lazy\" decoding=\"async\" width=\"600\" height=\"340\" src=\"https:\/\/colegiosantaclaudiamelipilla.com\/wp-content\/uploads\/2023\/09\/wip-bouncing-arrow-animation-1.gif\" alt=\"\" class=\"wp-image-48\"\/><\/figure>\n\n\n\n<div class=\"wp-block-buttons is-content-justification-center is-layout-flex wp-container-core-buttons-is-layout-9 wp-block-buttons-is-layout-flex\">\n<div class=\"wp-block-button\"><a class=\"wp-block-button__link has-text-align-center wp-element-button\" href=\"https:\/\/colegiosantaclaudiamelipilla.com\/wp-content\/uploads\/2025\/03\/Plan-de-gestion-convivencia-2025-.pdf\" target=\"_blank\" rel=\"noreferrer noopener\">Haz Clic Aqu\u00ed<\/a><\/div>\n<\/div>\n<\/div>\n<\/div>\n<\/div>\n\n\n\n<div class=\"wp-block-group alignfull is-layout-constrained wp-block-group-is-layout-constrained\">\n<h6 class=\"wp-block-heading has-text-align-center\"><strong>Reglamento Interno de Orden Higiene y Seguridad<\/strong><\/h6>\n\n\n\n<figure class=\"wp-block-image aligncenter size-full is-resized\"><img loading=\"lazy\" decoding=\"async\" width=\"600\" height=\"340\" src=\"https:\/\/colegiosantaclaudiamelipilla.com\/wp-content\/uploads\/2023\/09\/wip-bouncing-arrow-animation-1.gif\" alt=\"\" class=\"wp-image-48\" style=\"width:176px;height:auto\"\/><\/figure>\n\n\n\n<div class=\"wp-block-buttons is-content-justification-center is-layout-flex wp-container-core-buttons-is-layout-10 wp-block-buttons-is-layout-flex\">\n<div class=\"wp-block-button\"><a class=\"wp-block-button__link wp-element-button\" href=\"https:\/\/colegiosantaclaudiamelipilla.com\/wp-content\/uploads\/2025\/11\/Reglamento-Interno-de-Orden-Higien-y-Seguridad.pdf\" target=\"_blank\" rel=\"noreferrer noopener\">Haz Clic Aqu\u00ed<\/a><\/div>\n<\/div>\n\n\n\n<h6 class=\"wp-block-heading has-text-align-center\"><strong>Protocolos Ley Karin <\/strong><\/h6>\n\n\n\n<figure class=\"wp-block-image aligncenter size-full is-resized\"><img loading=\"lazy\" decoding=\"async\" width=\"600\" height=\"340\" src=\"https:\/\/colegiosantaclaudiamelipilla.com\/wp-content\/uploads\/2023\/09\/wip-bouncing-arrow-animation-1.gif\" alt=\"\" class=\"wp-image-48\" style=\"width:176px;height:auto\"\/><\/figure>\n\n\n\n<div class=\"wp-block-buttons is-content-justification-center is-layout-flex wp-container-core-buttons-is-layout-11 wp-block-buttons-is-layout-flex\">\n<div class=\"wp-block-button\"><a class=\"wp-block-button__link has-text-align-center wp-element-button\" href=\"https:\/\/colegiosantaclaudiamelipilla.com\/wp-content\/uploads\/2025\/11\/Protocolos-Ley-Karin-y-anexos-Revisado.pdf\" target=\"_blank\" rel=\"noreferrer noopener\">Haz Clic Aqu\u00ed<\/a><\/div>\n<\/div>\n\n\n\n<div class=\"wp-block-group alignwide is-layout-flow wp-block-group-is-layout-flow\" style=\"padding-top:4rem;padding-bottom:4rem\">\n<div style=\"height:50px\" aria-hidden=\"true\" class=\"wp-block-spacer\"><\/div>\n\n\n\n<div class=\"wp-block-columns is-layout-flex wp-container-core-columns-is-layout-5 wp-block-columns-is-layout-flex\">\n<div class=\"wp-block-column is-layout-flow wp-block-column-is-layout-flow\">\n<h6 class=\"wp-block-heading has-text-align-center\">CON FECHA 2 DE OCTUBRE SE PRESENTA A LA COMUNIDAD EDUCATIVA REX N\u00b0 0432 EN LA CUAL SE INDICA MODIFICACI\u00d3N RESOLUCI\u00d3N EXENTA N\u00b0 0030 DE 2021, QUE APRUEBA LA CIRCULAR SOBRE REGISTROS DE INFORMACI\u00d3N QUE DEBEN MANTENER LOS ESTABLECIMIENTO EDUCACIONALES CON RECONOCIMIENTO OFICIAL<\/h6>\n\n\n\n<figure class=\"wp-block-image aligncenter size-full is-resized\"><img loading=\"lazy\" decoding=\"async\" width=\"600\" height=\"340\" src=\"https:\/\/colegiosantaclaudiamelipilla.com\/wp-content\/uploads\/2023\/09\/wip-bouncing-arrow-animation-1.gif\" alt=\"\" class=\"wp-image-48\" style=\"aspect-ratio:1.7647058823529411;width:148px;height:auto\"\/><\/figure>\n\n\n\n<div class=\"wp-block-buttons is-content-justification-center is-layout-flex wp-container-core-buttons-is-layout-12 wp-block-buttons-is-layout-flex\">\n<div class=\"wp-block-button\"><a class=\"wp-block-button__link has-text-align-center wp-element-button\" href=\"https:\/\/colegiosantaclaudiamelipilla.com\/wp-content\/uploads\/2023\/10\/REXNo-0432-MODIFICA-REX-N\u00b0-0030-DE-2021-QUE-APRUEBA-CIRCULAR-SOBRE-REGISTROS-DE-INFORMACION-EN-EST.-ED.pdf\" target=\"_blank\" rel=\"noreferrer noopener\">Haz Clic Aqu\u00ed<\/a><\/div>\n<\/div>\n<\/div>\n<\/div>\n<\/div>\n\n\n\n<div class=\"wp-block-group alignfull has-secondary-background-color has-background is-layout-constrained wp-block-group-is-layout-constrained\" style=\"padding-top:var(--wp--custom--spacing--large, 8rem);padding-bottom:6rem\">\n<div class=\"wp-block-columns alignwide is-layout-flex wp-container-core-columns-is-layout-6 wp-block-columns-is-layout-flex\">\n<div class=\"wp-block-column is-layout-flow wp-block-column-is-layout-flow\" style=\"flex-basis:33%\">\n<div style=\"height:100px\" aria-hidden=\"true\" class=\"wp-block-spacer\"><\/div>\n\n\n\n<h4 class=\"wp-block-heading\">\u201cLa misi\u00f3n de los padres est\u00e1 en posibilitar la acci\u00f3n de los PROFESORES\u201d.<\/h4>\n\n\n<div class=\"aligncenter wp-block-site-logo\"><a href=\"https:\/\/colegiosantaclaudiamelipilla.com\/\" class=\"custom-logo-link\" rel=\"home\"><img loading=\"lazy\" decoding=\"async\" width=\"60\" height=\"60\" src=\"https:\/\/colegiosantaclaudiamelipilla.com\/wp-content\/uploads\/2023\/09\/cropped-sta-claudia.png\" class=\"custom-logo\" alt=\"Santa Claudia Melipilla\" srcset=\"https:\/\/colegiosantaclaudiamelipilla.com\/wp-content\/uploads\/2023\/09\/cropped-sta-claudia.png 512w, https:\/\/colegiosantaclaudiamelipilla.com\/wp-content\/uploads\/2023\/09\/cropped-sta-claudia-300x300.png 300w, https:\/\/colegiosantaclaudiamelipilla.com\/wp-content\/uploads\/2023\/09\/cropped-sta-claudia-150x150.png 150w, https:\/\/colegiosantaclaudiamelipilla.com\/wp-content\/uploads\/2023\/09\/cropped-sta-claudia-270x270.png 270w, https:\/\/colegiosantaclaudiamelipilla.com\/wp-content\/uploads\/2023\/09\/cropped-sta-claudia-192x192.png 192w, https:\/\/colegiosantaclaudiamelipilla.com\/wp-content\/uploads\/2023\/09\/cropped-sta-claudia-180x180.png 180w, https:\/\/colegiosantaclaudiamelipilla.com\/wp-content\/uploads\/2023\/09\/cropped-sta-claudia-32x32.png 32w\" sizes=\"auto, (max-width: 60px) 100vw, 60px\" \/><\/a><\/div><\/div>\n\n\n\n<div class=\"wp-block-column is-vertically-aligned-bottom is-layout-flow wp-block-column-is-layout-flow\">\n<figure class=\"wp-block-image aligncenter size-large is-resized has-custom-border\"><img loading=\"lazy\" decoding=\"async\" width=\"768\" height=\"1024\" src=\"https:\/\/colegiosantaclaudiamelipilla.com\/wp-content\/uploads\/2024\/05\/445034495_349828698204713_8779631551319748899_n-768x1024.jpg\" alt=\"\" class=\"wp-image-581\" style=\"border-style:none;border-width:0px;border-radius:66px;width:365px;height:auto\" srcset=\"https:\/\/colegiosantaclaudiamelipilla.com\/wp-content\/uploads\/2024\/05\/445034495_349828698204713_8779631551319748899_n-768x1024.jpg 768w, https:\/\/colegiosantaclaudiamelipilla.com\/wp-content\/uploads\/2024\/05\/445034495_349828698204713_8779631551319748899_n-225x300.jpg 225w, https:\/\/colegiosantaclaudiamelipilla.com\/wp-content\/uploads\/2024\/05\/445034495_349828698204713_8779631551319748899_n-1152x1536.jpg 1152w, https:\/\/colegiosantaclaudiamelipilla.com\/wp-content\/uploads\/2024\/05\/445034495_349828698204713_8779631551319748899_n.jpg 1536w\" sizes=\"auto, (max-width: 768px) 100vw, 768px\" \/><\/figure>\n<\/div>\n<\/div>\n<\/div>\n\n\n\n<div class=\"wp-block-columns is-layout-flex wp-container-core-columns-is-layout-7 wp-block-columns-is-layout-flex\">\n<div class=\"wp-block-column is-layout-flow wp-block-column-is-layout-flow\"><\/div>\n\n\n\n<div class=\"wp-block-column is-layout-flow wp-block-column-is-layout-flow\"><\/div>\n\n\n\n<div class=\"wp-block-column is-layout-flow wp-block-column-is-layout-flow\"><\/div>\n<\/div>\n<\/div>\n","protected":false},"excerpt":{"rendered":"<p>Reglamento Interno Protocolo de contencion emocional de estudiantes cuenta publica reglamento evaluacion reglamento apoderados PROYECTO EDUCATIVO INSTITUCIONAL PLAN INTEGRAL DE SEGURIDAD ESCOLAR CSC 2024 PLAN DE FORMACION CIUDADANA Plan de gesti\u00f3n convivencia 2023 Reglamento Interno de Orden Higiene y Seguridad Protocolos Ley Karin CON FECHA 2 DE OCTUBRE SE PRESENTA A LA COMUNIDAD EDUCATIVA REX [&hellip;]<\/p>\n","protected":false},"author":1,"featured_media":0,"parent":0,"menu_order":0,"comment_status":"closed","ping_status":"open","template":"","meta":{"footnotes":""},"class_list":["post-2","page","type-page","status-publish","hentry"],"_links":{"self":[{"href":"https:\/\/colegiosantaclaudiamelipilla.com\/index.php\/wp-json\/wp\/v2\/pages\/2","targetHints":{"allow":["GET"]}}],"collection":[{"href":"https:\/\/colegiosantaclaudiamelipilla.com\/index.php\/wp-json\/wp\/v2\/pages"}],"about":[{"href":"https:\/\/colegiosantaclaudiamelipilla.com\/index.php\/wp-json\/wp\/v2\/types\/page"}],"author":[{"embeddable":true,"href":"https:\/\/colegiosantaclaudiamelipilla.com\/index.php\/wp-json\/wp\/v2\/users\/1"}],"replies":[{"embeddable":true,"href":"https:\/\/colegiosantaclaudiamelipilla.com\/index.php\/wp-json\/wp\/v2\/comments?post=2"}],"version-history":[{"count":41,"href":"https:\/\/colegiosantaclaudiamelipilla.com\/index.php\/wp-json\/wp\/v2\/pages\/2\/revisions"}],"predecessor-version":[{"id":974,"href":"https:\/\/colegiosantaclaudiamelipilla.com\/index.php\/wp-json\/wp\/v2\/pages\/2\/revisions\/974"}],"wp:attachment":[{"href":"https:\/\/colegiosantaclaudiamelipilla.com\/index.php\/wp-json\/wp\/v2\/media?parent=2"}],"curies":[{"name":"wp","href":"https:\/\/api.w.org\/{rel}","templated":true}]}}